d 29655?
45
What is the highest common divisor of 91592 and 642?
214
What is the greatest common divisor of 28302 and 9222?
318
What is the highest common divisor of 2301 and 12390?
177
What is the highest common divisor of 76 and 4923622?
38
What is the greatest common factor of 327985 and 3360?
35
What is the highest common factor of 23659 and 1357?
59
Calculate the greatest common divisor of 1112 and 128019.
139
Calculate the highest common factor of 391110 and 1470.
30
Calculate the greatest common divisor of 23520 and 126.
42
Calculate the highest common divisor of 7384 and 10.
2
What is the greatest common divisor of 643 and 523?
1
What is the highest common factor of 8953 and 35?
7
Calculate the highest common factor of 27 and 62991.
27
What is the highest common divisor of 5985 and 52605?
315
What is the highest common divisor of 64590 and 30?
30
Calculate the greatest common divisor of 2107 and 12384.
43
Calculate the highest common divisor of 1084 and 692.
4
What is the greatest common divisor of 131264 and 25198?
586
What is the highest common divisor of 19038 and 1102?
38
Calculate the greatest common divisor of 440 and 129360.
440
What is the highest common divisor of 494 and 2030093?
247
Calculate the highest common divisor of 298214 and 716.
358
What is the greatest common divisor of 20 and 83516?
4
What is the greatest common factor of 902 and 458667?
451
What is the greatest common divisor of 407245 and 395?
395
Calculate the highest common divisor of 85 and 31905.
5
Calculate the highest common factor of 240219 and 574.
287
What is the greatest common divisor of 164 and 9553?
41
Calculate the greatest common factor of 2418 and 78078.
78
Calculate the greatest common factor of 341030 and 5360.
670
What is the highest common factor of 42148 and 123?
41
What is the highest common factor of 1273820 and 8?
4
What is the highest common divisor of 7 and 23079?
7
What is the highest common factor of 296 and 4184?
8
What is the highest common factor of 19874 and 342?
38
What is the greatest common divisor of 76 and 38684?
76
What is the greatest common factor of 58540 and 2920?
20
Calculate the greatest common factor of 580 and 1195.
5
Calculate the highest common factor of 366 and 13079742.
366
Calculate the greatest common factor of 1829 and 7533.
31
What is the highest common factor of 1100308 and 1496?
748
What is the greatest common divisor of 164444 and 3332?
196
What is the greatest common factor of 2538 and 6453?
27
What is the greatest common divisor of 33467 and 1366?
683
Calculate the greatest common factor of 161251 and 226.
113
What is the highest common divisor of 6 and 5169180?
6
What is the greatest common divisor of 952676 and 296?
148
Calculate the greatest common divisor of 20329 and 4.
1
Calculate the greatest common factor of 120 and 1270.
10
Calculate the greatest common divisor of 621 and 2116.
23
Calculate the highest common divisor of 28119 and 6279.
273
Calculate the greatest common factor of 837 and 27993.
93
Calculate the highest common divisor of 1773 and 50432.
197
Calculate the greatest common divisor of 1057 and 2416.
151
What is the highest common factor of 166112 and 12?
4
Calculate the highest common divisor of 2471897 and 233.
233
Calculate the highest common divisor of 1278 and 5760.
18
Calculate the highest common factor of 175 and 245725.
25
What is the greatest common divisor of 1844 and 368?
4
Calculate the highest common divisor of 290 and 1429642.
58
Calculate the greatest common factor of 11 and 319.
11
Calculate the greatest common factor of 300 and 3025.
25
Calculate the greatest common factor of 12 and 534588.
12
What is the highest common divisor of 3 and 2036?
1
Calculate the greatest common divisor of 4299 and 12.
3
What is the greatest common factor of 56069 and 247?
247
Calculate the greatest common divisor of 9 and 60321.
3
What is the highest common factor of 80 and 3023120?
80
What is the highest common divisor of 14774 and 7802?
166
What is the greatest common factor of 156190 and 150?
10
What is the greatest common factor of 36 and 39429?
9
What is the greatest common factor of 38 and 23?
1
What is the greatest common factor of 1240 and 42842?
62
What is the greatest common factor of 23628 and 12650?
22
What is the greatest common divisor of 834 and 27?
3
What is the greatest common divisor of 512 and 607744?
512
Calculate the highest common factor of 9599 and 48988.
331
What is the greatest common factor of 148695 and 1725?
345
Calculate the highest common divisor of 17674 and 2.
2
Calculate the greatest common divisor of 18 and 51807.
3
What is the highest common divisor of 175 and 195545?
35
What is the greatest common divisor of 163044 and 1176?
84
What is the highest common divisor of 8319 and 54339?
177
Calculate the highest common factor of 297 and 136053.
27
Calculate the highest common divisor of 2725777 and 269.
269
What is the greatest common factor of 1548 and 132?
12
Calculate the greatest common divisor of 6793857 and 63.
63
Calculate the highest common factor of 7224 and 4452.
84
What is the highest common factor of 4 and 173900?
4
What is the greatest common divisor of 42121 and 4039?
577
What is the highest common divisor of 33511 and 69?
23
Calculate the greatest common factor of 65 and 43305.
5
Calculate the highest common divisor of 34336 and 192.
32
What is the greatest common factor of 3870 and 344?
86
Calculate the greatest common divisor of 27 and 148491.
9
Calculate the highest common divisor of 139170 and 40.
10
Calculate the greatest common divisor of 250504 and 1557.
173
What is the greatest common factor of 1920058 and 28?
14
Calculate the highest common divisor of 6601 and 1064647.
943
What is the greatest common factor of 76184 and 5340?
356
Calculate the highest common divisor of 8309 and 623.
7
What is the greatest common divisor of 21062000 and 10?
10
Calculate the highest common divisor of 3289309 and 849.
283
Calculate the greatest common factor of 818832 and 16.
16
What is the greatest common divisor of 1761345 and 810?
405
Calculate the highest common divisor of 1520 and 80351.
19
Calculate the highest common divisor of 4837 and 133.
7
What is the highest common factor of 22080 and 36?
12
What is the greatest common divisor of 931 and 211337?
931
Calculate the highest common factor of 575 and 192671.
23
What is the highest common divisor of 3816 and 16?
8
Calculate the highest common divisor of 186 and 31372.
62
Calculate the highest common factor of 7071321 and 849.
849
Calculate the greatest common divisor of 26555 and 3525.
235
Calculate the highest common divisor of 60 and 1117700.
20
What is the greatest common divisor of 910185 and 120?
15
Calculate the greatest common factor of 192404 and 206.
206
What is the greatest common divisor of 28613 and 142?
71
What is the highest common divisor of 2584 and 32504?
136
Calculate the greatest common divisor of 1807871 and 13.
13
What is the highest common factor of 9143 and 57311?
223
What is the highest common factor of 7461 and 306?
9
What is the greatest common factor of 304944 and 48?
48
What is the greatest common factor of 2392 and 1248?
104
What is the greatest common factor of 718805 and 1631?
233
What is the highest common divisor of 88 and 28376?
8
What is the highest common divisor of 64670 and 725?
145
Calculate the highest common divisor of 483821 and 13.
13
What is the highest common factor of 113400 and 5?
5
Calculate the highest common factor of 23389 and 19.
19
What is the highest common factor of 27 and 182502?
9
What is the highest common divisor of 33 and 3170904?
33
Calculate the highest common divisor of 224 and 10106880.
224
What is the highest common factor of 231364 and 56?
28
What is the highest common divisor of 2730 and 428190?
210
What is the greatest common divisor of 26258 and 817?
19
What is the highest common factor of 389 and 11943467?
389
What is the highest common factor of 1363 and 698749?
47
What is the highest common divisor of 70356 and 312?
156
What is the highest common divisor of 105519 and 1377?
51
What is the greatest common divisor of 5346 and 11826?
162
Calculate the highest common factor of 5236 and 679.
7
What is the greatest common factor o